{"id":2337,"date":"2025-04-11T11:41:22","date_gmt":"2025-04-11T14:41:22","guid":{"rendered":"https:\/\/new.mundotec.cl\/?post_type=product&#038;p=2337"},"modified":"2025-04-11T12:09:29","modified_gmt":"2025-04-11T15:09:29","slug":"dell-latitude-5450-v2pnr-14-fhd-ultra-7-155u-2x8gb-512gb-ssd-win-11-pro-espanol-3-anos","status":"publish","type":"product","link":"https:\/\/www.mundotec.cl\/index.php\/product\/dell-latitude-5450-v2pnr-14-fhd-ultra-7-155u-2x8gb-512gb-ssd-win-11-pro-espanol-3-anos\/","title":{"rendered":"DELL LATITUDE 5450 (V2PNR) 14&#8243; FHD Ultra 7 155U 16GB RAM 512GB SSD WIN11PRO ESPA\u00d1OL W3Y"},"content":{"rendered":"<p>Nuevas experiencias de IA, desempe\u00f1o y bater\u00eda de larga duraci\u00f3n.<\/p>\n<p>Creados para laptops de primera calidad, los procesadores Intel\u00ae Core\u2122 Ultra incluyen aceleraci\u00f3n de IA integrada para aumentar la productividad, a la vez que mantienen la privacidad y la flexibilidad.<br \/>\nLos procesadores Intel\u00ae Core\u2122 Ultra pueden incluir la GPU Intel\u00ae Arc\u2122 que habilita el gaming inmersivo altamente realista y la creaci\u00f3n de contenido.<br \/>\nUn equilibrio \u00f3ptimo entre consumo energ\u00e9tico y desempe\u00f1o significa que podr\u00e1s seguir siendo productivo por m\u00e1s tiempo mientras est\u00e1s desconectado.<\/p>\n<hr \/>\n<p>Procesador Intel Core Ultra 7 155U<br \/>\nPantalla 14&#8243; 1920&#215;1080 IPS 60Hz<br \/>\nDisco duro 512GB SSD M.2<br \/>\nMemoria RAM 16GB DDR5-SDRAM<br \/>\nSistema operativo Windows 11 Pro<br \/>\nTarjeta gr\u00e1fica Intel Graphics<\/p>\n","protected":false},"excerpt":{"rendered":"<p>Nuevas experiencias de IA, desempe\u00f1o y bater\u00eda de larga duraci\u00f3n. Creados para laptops de primera calidad, los procesadores Intel\u00ae Core\u2122 Ultra incluyen aceleraci\u00f3n de IA integrada para aumentar la productividad, a la vez que mantienen la privacidad y la flexibilidad. Los procesadores Intel\u00ae Core\u2122 Ultra pueden incluir la GPU Intel\u00ae Arc\u2122 que habilita el gaming [&hellip;]<\/p>\n","protected":false},"featured_media":2338,"comment_status":"open","ping_status":"closed","template":"","meta":{"_joinchat":[]},"pwb-brand":[],"product_brand":[66],"product_cat":[54,26],"product_tag":[],"class_list":{"0":"post-2337","1":"product","2":"type-product","3":"status-publish","4":"has-post-thumbnail","6":"product_brand-dell","7":"product_cat-dell-notebook","8":"product_cat-notebook","10":"first","11":"instock","12":"taxable","13":"shipping-taxable","14":"purchasable","15":"product-type-simple"},"brands":[],"_links":{"self":[{"href":"https:\/\/www.mundotec.cl\/index.php\/wp-json\/wp\/v2\/product\/2337","targetHints":{"allow":["GET"]}}],"collection":[{"href":"https:\/\/www.mundotec.cl\/index.php\/wp-json\/wp\/v2\/product"}],"about":[{"href":"https:\/\/www.mundotec.cl\/index.php\/wp-json\/wp\/v2\/types\/product"}],"replies":[{"embeddable":true,"href":"https:\/\/www.mundotec.cl\/index.php\/wp-json\/wp\/v2\/comments?post=2337"}],"wp:featuredmedia":[{"embeddable":true,"href":"https:\/\/www.mundotec.cl\/index.php\/wp-json\/wp\/v2\/media\/2338"}],"wp:attachment":[{"href":"https:\/\/www.mundotec.cl\/index.php\/wp-json\/wp\/v2\/media?parent=2337"}],"wp:term":[{"taxonomy":"pwb-brand","embeddable":true,"href":"https:\/\/www.mundotec.cl\/index.php\/wp-json\/wp\/v2\/pwb-brand?post=2337"},{"taxonomy":"product_brand","embeddable":true,"href":"https:\/\/www.mundotec.cl\/index.php\/wp-json\/wp\/v2\/product_brand?post=2337"},{"taxonomy":"product_cat","embeddable":true,"href":"https:\/\/www.mundotec.cl\/index.php\/wp-json\/wp\/v2\/product_cat?post=2337"},{"taxonomy":"product_tag","embeddable":true,"href":"https:\/\/www.mundotec.cl\/index.php\/wp-json\/wp\/v2\/product_tag?post=2337"}],"curies":[{"name":"wp","href":"https:\/\/api.w.org\/{rel}","templated":true}]}}